test common factor of 37 and 925.
37
What is the greatest common divisor of 27 and 9000?
9
Calculate the highest common factor of 68 and 1530.
34
What is the highest common factor of 2714 and 826?
118
Calculate the greatest common factor of 36 and 132.
12
Calculate the highest common factor of 76 and 12.
4
What is the highest common divisor of 660 and 88?
44
Calculate the highest common divisor of 880 and 688.
16
What is the highest common divisor of 249 and 3901?
83
What is the highest common factor of 32 and 120?
8
What is the highest common factor of 2 and 106?
2
Calculate the greatest common factor of 273 and 637.
91
Calculate the highest common divisor of 3170 and 220.
10
What is the greatest common divisor of 54 and 729?
27
Calculate the highest common factor of 31 and 496.
31
What is the highest common factor of 40 and 340?
20
Calculate the highest common factor of 24 and 294.
6
Calculate the highest common divisor of 371 and 265.
53
What is the greatest common factor of 40 and 670?
10
What is the highest common divisor of 1015 and 4640?
145
What is the highest common factor of 2 and 8?
2
Calculate the highest common factor of 848 and 477.
53
Calculate the highest common factor of 1512 and 420.
84
What is the highest common divisor of 44 and 352?
44
What is the highest common factor of 77 and 308?
77
What is the highest common divisor of 50 and 55?
5
What is the greatest common factor of 18504 and 72?
72
Calculate the highest common divisor of 46 and 50.
2
What is the highest common factor of 1744 and 304?
16
Calculate the highest common factor of 39 and 429.
39
What is the highest common divisor of 10999 and 68?
17
Calculate the highest common factor of 318 and 742.
106
What is the greatest common factor of 20 and 250?
10
Calculate the greatest common factor of 84 and 420.
84
What is the greatest common factor of 25 and 325?
25
Calculate the highest common factor of 375 and 20.
5
Calculate the highest common divisor of 15 and 285.
15
Calculate the highest common divisor of 1267 and 905.
181
Calculate the greatest common factor of 7 and 1883.
7
Calculate the highest common factor of 96 and 150.
6
What is the greatest common divisor of 28 and 17164?
28
What is the highest common factor of 1457 and 1269?
47
Calculate the highest common divisor of 376 and 5546.
94
What is the highest common divisor of 176 and 66?
22
What is the greatest common divisor of 27 and 201?
3
What is the greatest common divisor of 130 and 325?
65
Calculate the highest common factor of 301 and 2279.
43
Calculate the greatest common factor of 308 and 84.
28
What is the greatest common divisor of 1359 and 261?
9
What is the greatest common factor of 88 and 2376?
88
Calculate the highest common divisor of 68 and 16.
4
Calculate the greatest common factor of 136 and 136.
136
What is the greatest common divisor of 6 and 354?
6
What is the greatest common divisor of 832 and 13?
13
Calculate the greatest common divisor of 3 and 237.
3
Calculate the highest common divisor of 59 and 118.
59
What is the greatest common factor of 21512 and 16?
8
Calculate the greatest common factor of 12366 and 54.
54
Calculate the greatest common divisor of 24 and 84.
12
What is the greatest common divisor of 1216 and 532?
76
What is the greatest common factor of 584 and 24?
8
What is the greatest common factor of 96 and 240?
48
Calculate the greatest common factor of 4802 and 882.
98
What is the highest common divisor of 224 and 28?
28
Calculate the greatest common factor of 624 and 108.
12
What is the greatest common factor of 53 and 1?
1
What is the greatest common factor of 156 and 1508?
52
What is the highest common divisor of 962 and 26?
26
What is the highest common divisor of 6036 and 24?
12
What is the highest common divisor of 306 and 782?
34
Calculate the greatest common factor of 1183 and 195.
13
What is the greatest common divisor of 114 and 152?
38
What is the highest common factor of 9 and 5358?
3
Calculate the greatest common divisor of 1165 and 2563.
233
Calculate the highest common divisor of 55 and 20.
5
What is the highest common factor of 441 and 7?
7
Calculate the highest common divisor of 876 and 24.
12
Calculate the highest common divisor of 28 and 791.
7
Calculate the highest common divisor of 4069 and 13.
13
Calculate the greatest common divisor of 944 and 649.
59
Calculate the greatest common factor of 70 and 840.
70
Calculate the highest common divisor of 92 and 3404.
92
Calculate the greatest common factor of 3 and 2262.
3
What is the greatest common divisor of 89 and 30705?
89
Calculate the highest common divisor of 352 and 160.
32
What is the highest common divisor of 77 and 88?
11
What is the highest common factor of 16 and 496?
16
What is the highest common factor of 553 and 79?
79
Calculate the greatest common factor of 290 and 110.
10
Calculate the highest common factor of 24 and 5844.
12
What is the greatest common divisor of 28 and 11942?
14
What is the highest common divisor of 14 and 217?
7
Calculate the highest common factor of 99 and 1628.
11
What is the highest common divisor of 3034 and 518?
74
Calculate the greatest common factor of 1 and 27.
1
What is the highest common factor of 435 and 261?
87
Calculate the greatest common divisor of 2370 and 6.
6
Calculate the highest common divisor of 4929 and 31.
31
Calculate the greatest common divisor of 310 and 30.
10
Calculate the highest common divisor of 376 and 40.
8
What is the highest common divisor of 57 and 6365?
19
What is the highest common factor of 55 and 735?
5
Calculate the highest common factor of 340 and 10795.
85
Calculate the greatest common factor of 204 and 2193.
51
What is the greatest common factor of 42 and 672?
42
Calculate the greatest common factor of 34 and 646.
34
Calculate the highest common factor of 99 and 1243.
11
Calculate the greatest common factor of 506 and 161.
23
Calculate the greatest common factor of 62 and 4247.
31
What is the highest common factor of 391 and 17?
17
Calculate the highest common divisor of 19 and 703.
19
Calculate the greatest common divisor of 116 and 261.
29
What is the greatest common divisor of 79 and 8137?
79
Calculate the greatest common factor of 240 and 1815.
15
Calculate the highest common divisor of 3315 and 7800.
195
What is the greatest common divisor of 204 and 132?
12
What is the greatest common divisor of 1 and 64?
1
What is the greatest common divisor of 6171 and 2904?
363
Calculate the highest common divisor of 20 and 10660.
20
What is the greatest common factor of 45 and 1215?
45
Calculate the highest common divisor of 410 and 34645.
205
What is the greatest common factor of 685 and 1644?
137
Calculate the greatest common divisor of 2266 and 22.
22
Calculate the greatest common factor of 32 and 8248.
8
Calculate the greatest common factor of 1696 and 64.
32
What is the greatest common factor of 76 and 5282?
38
Calculate the highest common factor of 121 and 22.
11
Calculate the highest common factor of 174 and 145.
29
Calculate the greatest common factor of 291 and 3.
3
What is the highest common factor of 875 and 375?
125
What is the greatest common factor of 28 and 1988?
28
Calculate the highest common factor of 11 and 473.
11
What is the highest common factor of 22 and 6754?
22
Calculate the greatest common factor of 11 and 389.
1
Calculate the highest common divisor of 3114 and 72.
18
Calculate the greatest common divisor of 13 and 247.
13
Calculate the highest common factor of 3588 and 156.
156
What is the greatest common factor of 545 and 327?
109
Calculate the greatest common divisor of 1275 and 51.
51
Calculate the highest common divisor of 19810 and 70.
70
What is the highest common factor of 150 and 480?
30
What is the highest common divisor of 792 and 552?
24
What is the highest common divisor of 328 and 8?
8
What is the highest common divisor of 162 and 3618?
54
Calculate the highest common factor of 48 and 108.
12
What is the highest common factor of 13 and 104?
13
What is the highest common factor of 7 and 721?
7
What is the highest common divisor of 22 and 517?
11
Calculate the highest common factor of 1841 and 217.
7
Calculate the highest common factor of 5074 and 86.
86
What is the greatest common divisor of 375